uppose -p*l + 3*z + 122 = 0, -30 = -2*l + l - 5*z. What is the remainder when l is divided by g?
7
What is the remainder when 46 is divided by (-8)/(-10) - 112/(-10)?
10
Let z = -39 - -59. What is the remainder when 2/7 + 1088/14 is divided by z?
18
Suppose -1 = -2*y + 1, 4*j - 20 = -4*y. Suppose 0*d = -j*d + 12. What is the remainder when 8 is divided by d?
2
Let k be 3/(-5) - (-4)/(-10). Let r be (0/(-1))/(-1 + k). Suppose -4*f + 0*f + 48 = r. Calculate the remainder when f is divided by 7.
5
Let x = 0 - -2. Calculate the remainder when 46 is divided by x/11 - 348/(-22).
14
Calculate the remainder when (-1 - -2)/(1/27) is divided by 80/12 + (-1)/6*-2.
6
Let u(a) = -a**3 - 4*a**2 + 9*a + 5. What is the remainder when u(-6) is divided by 6?
5
Let j(y) = 78*y**3 - 2*y**2 + 2*y - 1. Let b be j(1). Let p = b + -29. Suppose -18 - p = -3*r. What is the remainder when r is divided by 8?
6
Let c(d) = d + 1. Let w be c(5). Suppose -i - 2*z + 28 = -w*z, 2*i - 2*z - 68 = 0. Calculate the remainder when i is divided by 10.
6
Let k = 67 - -3. What is the remainder when k is divided by 18?
16
Suppose 0 = -2*x - x. Let v = -1 - -4. Let h = v + x. What is the remainder when 5 is divided by h?
2
Let d = -91 + 99. What is the remainder when 21 is divided by d?
5
Let w(m) = -m**2 + 3*m + 3. Let r be w(4). Let f be 1/((-1)/(-4)) + r. Suppose -1 = u - f. What is the remainder when 2 is divided by u?
0
Let t be (-4)/6 - 2/(-3). Suppose 5*s = 4*y + 50, t = -2*s - s - 5*y + 67. What is the remainder when 54 is divided by s?
12
Let r be (-2)/(-12) - 7/6. Let l = 1 + r. What is the remainder when -3 + (15 - (l - 1)) is divided by 7?
6
Let i(w) = w**2 + 9*w + 3. Let m be i(-9). Suppose 7 = m*u + 1. What is the remainder when u is divided by 1?
0
Suppose -x = 4*k + 6 - 18, -5*x - k + 79 = 0. Let g = -17 + 3. Let t = -5 - g. Calculate the remainder when x is divided by t.
7
Suppose 6*h - 2*j - 10 = h, -j = 5. Suppose 0 = -y + x - 2*x + 37, -2*y + 3*x + 84 = h. What is the remainder when y is divided by 14?
11
Suppose -6*f + 2*f + 4*z = -8, 2 = -f - z. Let y(h) = h**2 + h + 41. Calculate the remainder when y(f) is divided by 3 + 0 - -1 - -10.
13
What is the remainder when 59 is divided by 5*(2 - 4)*-3?
29
Let x(r) = r**3 - 7*r**2 - 8*r + 3. What is the remainder when 3 is divided by x(8)?
0
Let v be 1 + -1 + (20 - -5). Suppose 5*x - v = -0*x. Suppose x = d - 3. Calculate the remainder when 13 is divided by d.
5
Suppose 4*t = -3*j + 52, t + 5 - 13 = -2*j. What is the remainder when 29 is divided by t?
13
Suppose a = -5, -3*o = -4*o + 3*a + 30. Suppose 3*z - 226 = -5*i, -5*z - 210 = -2*i - 3*i. What is the remainder when i is divided by o?
14
Let t = 106 - 104. What is the remainder when (-8)/10*(-5)/2 is divided by t?
0
Let x = 66 - 31. Suppose -3*n + 8*n - x = 0. Let k(u) = -u**2 + 11*u - 7. Calculate the remainder when 40 is divided by k(n).
19
Let i = -152 + 219. What is the remainder when i is divided by 18?
13
Let l(z) = -3*z**2 + 3*z - 5. Let y(t) = t**2 - t + 2. Let q(x) = -4*l(x) - 11*y(x). Calculate the remainder when 28 is divided by q(-3).
8
Let f = -10 + 11. Suppose m = -1 + 2. What is the remainder when f is divided by m?
0
Let o(v) = 5*v + 1. Let l be 0 + 0 + (-4)/1. Let a be o(l). Let f = 46 + a. Calculate the remainder when f is divided by 10.
7
Suppose 8*z = 3*z + 20. Let m = -64 - -56. Let l = z - m. What is the remainder when 46 is divided by l?
10
Suppose 2*m - 2*s = 3*m + 6, 20 = -4*s. What is the remainder when (1 + -4 + 8)*6/3 is divided by m?
2
Let k(l) = -l**3 - l + 19. Let n(c) = 12*c**2 + 2*c + 3. Calculate the remainder when n(2) is divided by k(0).
17
Let t be (-9 - -14)/(-1 + 2). Let f(g) = -g**3 + 5*g**2 + 2*g - 4. What is the remainder when 15 is divided by f(t)?
3
Let t = 4 + -1. What is the remainder when (-1)/1 - (-19 - t) is divided by (1 - 2)*(1 + -12)?
10
Let t(m) = m**3 - 4*m**2 - 3*m + 7. Suppose 5*d + 42 = 2*i, -5*i + 4 = -1. Let w = d - -41. Calculate the remainder when w is divided by t(5).
16
Suppose -5*k - 2*a = -k - 242, -3*a = -k + 64. Calculate the remainder when k is divided by (2 - 0) + 22 - 3.
19
Let k be 568/24 + (-2)/3. Let m = 7 + k. What is the remainder when m is divided by 16?
14
Suppose 8*l - 63 = 5*l. Calculate the remainder when 83 is divided by l.
20
Suppose 4*r - 3*v + 33 = 7*r, v = -3*r + 25. What is the remainder when 41 is divided by r?
6
Suppose 0 = 6*r - 2*r - 116. Suppose 5*u + 4*t = -t + 65, -u - 2*t + 18 = 0. Calculate the remainder when r is divided by (u/(-12))/(2/(-30)).
9
Suppose 86 = g + 4*u, 4*u - 71 = -5*g + 327. What is the remainder when g is divided by 20?
18
Suppose -c + 13 = -3*c - 5*o, 5*c = -4*o + 10. Let j = -32 - -67. What is the remainder when j is divided by c?
5
Let p = 25 + -5. Calculate the remainder when 38 is divided by p.
18
Suppose d = 31 + 47. Suppose -y + 4*y + d = 0. Let c = y + 68. Calculate the remainder when c is divided by 11.
9
Suppose -5 = u - 6*u. Let q = u - -3. Suppose -q*k - 1 = -5*k. What is the remainder when 2 is divided by k?
0
Suppose 0 = q - 4*q + 15. Suppose 0*w + 30 = q*w. What is the remainder when ((-4)/6)/((-1)/w) is divided by 3?
1
Suppose -3*y + 16 = y. Suppose y*s = s + 51. Let u = 43 - s. Calculate the remainder when u is divided by 9.
8
Suppose -874 = -15*b + 356. Calculate the remainder when b is divided by 17.
14
Suppose 0 = -h + 4 + 14. Let w(l) = l**2 - 3*l - 1. Let u be w(5). Suppose h = t - u. Calculate the remainder when 52 is divided by t.
25
Let h be (-2)/(-5)*(11 - 1). Suppose 5*v - 5*m - 5 = 0, h = 4*v - m - 3. What is the remainder when 1/((2 + 0)/4) is divided by v?
0
Let g be (-52)/(-12)*(-9)/3. Let j(z) = z**2 + 3*z - 2. Let b be j(-4). Calculate the remainder when 25 is divided by (1 + b)*g/(-3).
12
Suppose 3*d - 45 = -5*z - 2*d, -5*z = -d - 57. Let k = z + -8. Calculate the remainder when 6 is divided by k.
0
Suppose -6 = -4*t + t. Suppose -4*x + 46 + 16 = 2*p, 0 = t*x + 4*p - 28. Calculate the remainder when 30 is divided by x.
14
Suppose -79 = -4*o - j, 5*o - 3*o - 41 = j. What is the remainder when 57 is divided by o?
17
Let f(v) = 2*v + 8. Let r = 4 + 3. Let m be f(r). Let h = m + -8. What is the remainder when 39 is divided by h?
11
Let x be ((-6)/4)/(9/(-48)). Suppose 9*m = x*m + 4. What is the remainder when 9 is divided by m?
1
Let x = -199 + 219. What is the remainder when 33 is divided by x?
13
Suppose -2*g + 2*c - 17 = -3*g, 4*g = -2*c + 38. What is the remainder when g is divided by 2 + -2 + 1 + 3?
3
Let g = -23 - -35. Suppose n = 3*f - 0*f - 13, n - g = -2*f. Suppose 4*u - 18 = n*u. Calculate the remainder when u is divided by 5.
4
Let i be 3/(-3)*(-3 + -42). Suppose -5*q = s - 10*q - 325, 0 = s - 2*q - 325. What is the remainder when 13 is divided by s/i - (-2)/(-9)?
6
Let p = 177 - 165. Let l(x) = 44*x**3 + x**2. What is the remainder when l(1) is divided by p?
9
Let h(i) = -i**3 - i**3 + 6 + 6*i**2 + 6*i + 3*i**3 - i. What is the remainder when 10 is divided by h(-5)?
4
Let h be (-2)/2*(1 + 3). What is the remainder when 14/h*(-3 - 11) is divided by 25?
24
Suppose -4*g + 2*g = 0. Suppose 5*d - 9 - 11 = g. Suppose 3*z - 2*x - 15 = 2*z, -d*z + 2*x = -36. What is the remainder when z is divided by 4?
3
Let y = 21 + -13. Suppose w + 3*n = 21 + 13, 0 = 2*w - 3*n - 59. What is the remainder when w is divided by y?
7
Let p = 327 - 176. Suppose 5*l - p = -21. Calculate the remainder when l is divided by 2*5 - (2 - 1).
8
Suppose 381 - 56 = 5*m. Let j(a) = 3*a - 8. Calculate the remainder when m is divided by j(10).
21
Let x = 6 - 3. Let k(q) = -q**3 + 20*q**2 - 20*q + 21. What is the remainder when x is divided by k(19)?
1
Suppose 4*x + 4*n = 0, -4*n + n - 5 = 2*x. Suppose 10*o = 5*o + 70. Suppose 0*s - o = -s. What is the remainder when s is divided by x?
4
Suppose 20 = 2*v + 2*o, -4*o + 12 = -0*o. Let z(f) = -3*f + 1. Let m be z(-3). Let r = 23 - m. What is the remainder when r is divided by v?
6
Let u(x) = -x**2 + 14*x - 18. Calculate the remainder when (-2)/(-9) - 385/(-9) is divided by u(11).
13
Suppose -5*p + x + 78 = 0, 0 = -4*p + 3*x + 14 + 44. Calculate the remainder when 45 is divided by p.
13
Let u(c) = c**2 - 12*c - 1. Let p be u(12). What is the remainder when (0 - -1)/(p/(-103)) is divided by 26?
25
Let s be 